{"version":"1.0","provider_name":"Hockey Club Bozen","provider_url":"https:\/\/www.hcb.net\/de\/","author_name":"Luca Tommasini","author_url":"https:\/\/www.hcb.net","title":"Daniel Glira nicht mehr ein Wei\u00dfroter - Hockey Club Bozen","type":"rich","width":600,"height":338,"html":"<blockquote class=\"wp-embedded-content\" data-secret=\"ALMqG0ku7F\"><a href=\"https:\/\/www.hcb.net\/de\/daniel-glira-nicht-mehr-ein-weissroter\/\">Daniel Glira nicht mehr ein Wei\u00dfroter<\/a><\/blockquote><iframe sandbox=\"allow-scripts\" security=\"restricted\" src=\"https:\/\/www.hcb.net\/de\/daniel-glira-nicht-mehr-ein-weissroter\/embed\/#?secret=ALMqG0ku7F\" width=\"600\" height=\"338\" title=\"&#8222;Daniel Glira nicht mehr ein Wei\u00dfroter&#8220; &#8211; Hockey Club Bozen\" data-secret=\"ALMqG0ku7F\" frameborder=\"0\" marginwidth=\"0\" marginheight=\"0\" scrolling=\"no\" class=\"wp-embedded-content\"><\/iframe><script type=\"text\/javascript\">\n\/* <![CDATA[ *\/\n\/*! This file is auto-generated *\/\n!function(d,l){\"use strict\";l.querySelector&&d.addEventListener&&\"undefined\"!=typeof URL&&(d.wp=d.wp||{},d.wp.receiveEmbedMessage||(d.wp.receiveEmbedMessage=function(e){var t=e.data;if((t||t.secret||t.message||t.value)&&!\/[^a-zA-Z0-9]\/.test(t.secret)){for(var s,r,n,a=l.querySelectorAll('iframe[data-secret=\"'+t.secret+'\"]'),o=l.querySelectorAll('blockquote[data-secret=\"'+t.secret+'\"]'),c=new RegExp(\"^https?:$\",\"i\"),i=0;i<o.length;i++)o[i].style.display=\"none\";for(i=0;i<a.length;i++)s=a[i],e.source===s.contentWindow&&(s.removeAttribute(\"style\"),\"height\"===t.message?(1e3<(r=parseInt(t.value,10))?r=1e3:~~r<200&&(r=200),s.height=r):\"link\"===t.message&&(r=new URL(s.getAttribute(\"src\")),n=new URL(t.value),c.test(n.protocol))&&n.host===r.host&&l.activeElement===s&&(d.top.location.href=t.value))}},d.addEventListener(\"message\",d.wp.receiveEmbedMessage,!1),l.addEventListener(\"DOMContentLoaded\",function(){for(var e,t,s=l.querySelectorAll(\"iframe.wp-embedded-content\"),r=0;r<s.length;r++)(t=(e=s[r]).getAttribute(\"data-secret\"))||(t=Math.random().toString(36).substring(2,12),e.src+=\"#?secret=\"+t,e.setAttribute(\"data-secret\",t)),e.contentWindow.postMessage({message:\"ready\",secret:t},\"*\")},!1)))}(window,document);\n\/\/# sourceURL=https:\/\/www.hcb.net\/wp\/wp-includes\/js\/wp-embed.min.js\n\/* ]]> *\/\n<\/script>\n","thumbnail_url":"https:\/\/www.hcb.net\/a9243ee7cdcd4f3a\/44919\/c\/fit-in\/0x0\/filters:no_upscale()\/filters:strip_exif()\/https:\/\/www.hcb.net\/a9243ee7cdcd4f3a\/44919\/c\/fit-in\/1024x1024\/filters:no_upscale()\/filters:strip_exif()\/21-glira_03.jpg","thumbnail_width":1024,"thumbnail_height":1024,"description":"Die Wege des HCB S\u00fcdtirol Alperia und von Daniel Glira trennen sich. Der Verteidiger, Jahrgang 1994, wird seine Karriere aus pers\u00f6nlichen und Studiengr\u00fcnden wieder im Trikot des HC Pustertal, den er 2016 Richtung Foxes verlassen hatte, in der Alps Hockey League fortsetzen. In den vier Jahren im wei\u00dfroten Trikot brachte es Glira zwischen Meisterschaft und [&hellip;]"}

Daniel Glira nicht mehr ein Weißroter - Hockey Club Bozen

<blockquote class="wp-embedded-content" data-secret="ALMqG0ku7F"><a href="https://www.hcb.net/de/daniel-glira-nicht-mehr-ein-weissroter/">Daniel Glira nicht mehr ein Weißroter</a></blockquote><iframe sandbox="allow-scripts" security="restricted" src="https://www.hcb.net/de/daniel-glira-nicht-mehr-ein-weissroter/embed/#?secret=ALMqG0ku7F" width="600" height="338" title="&#8222;Daniel Glira nicht mehr ein Weißroter&#8220; &#8211; Hockey Club Bozen" data-secret="ALMqG0ku7F" frameborder="0" marginwidth="0" marginheight="0" scrolling="no" class="wp-embedded-content"></iframe><script type="text/javascript">
/* <![CDATA[ */
/*! This file is auto-generated */
!function(d,l){"use strict";l.querySelector&&d.addEventListener&&"undefined"!=typeof URL&&(d.wp=d.wp||{},d.wp.receiveEmbedMessage||(d.wp.receiveEmbedMessage=function(e){var t=e.data;if((t||t.secret||t.message||t.value)&&!/[^a-zA-Z0-9]/.test(t.secret)){for(var s,r,n,a=l.querySelectorAll('iframe[data-secret="'+t.secret+'"]'),o=l.querySelectorAll('blockquote[data-secret="'+t.secret+'"]'),c=new RegExp("^https?:$","i"),i=0;i<o.length;i++)o[i].style.display="none";for(i=0;i<a.length;i++)s=a[i],e.source===s.contentWindow&&(s.removeAttribute("style"),"height"===t.message?(1e3<(r=parseInt(t.value,10))?r=1e3:~~r<200&&(r=200),s.height=r):"link"===t.message&&(r=new URL(s.getAttribute("src")),n=new URL(t.value),c.test(n.protocol))&&n.host===r.host&&l.activeElement===s&&(d.top.location.href=t.value))}},d.addEventListener("message",d.wp.receiveEmbedMessage,!1),l.addEventListener("DOMContentLoaded",function(){for(var e,t,s=l.querySelectorAll("iframe.wp-embedded-content"),r=0;r<s.length;r++)(t=(e=s[r]).getAttribute("data-secret"))||(t=Math.random().toString(36).substring(2,12),e.src+="#?secret="+t,e.setAttribute("data-secret",t)),e.contentWindow.postMessage({message:"ready",secret:t},"*")},!1)))}(window,document);
//# sourceURL=https://www.hcb.net/wp/wp-includes/js/wp-embed.min.js
/* ]]> */
</script>

Die Wege des HCB Südtirol Alperia und von Daniel Glira trennen sich. Der Verteidiger, Jahrgang 1994, wird seine Karriere aus persönlichen und Studiengründen wieder im Trikot des HC Pustertal, den er 2016 Richtung Foxes verlassen hatte, in der Alps Hockey League fortsetzen. In den vier Jahren im weißroten Trikot brachte es Glira zwischen Meisterschaft und [&hellip;]
