{"version":"1.0","provider_name":"Hockey Club Bozen","provider_url":"https:\/\/www.hcb.net\/de\/","author_name":"Luca Tommasini","author_url":"https:\/\/www.hcb.net","title":"Liga-Start am 25. September fixiert - Transferstopp aufgehoben - Hockey Club Bozen","type":"rich","width":600,"height":338,"html":"<blockquote class=\"wp-embedded-content\" data-secret=\"dtKi62SOHN\"><a href=\"https:\/\/www.hcb.net\/de\/liga-start-am-25-september-fixiert-transferstopp-aufgehoben\/\">Liga-Start am 25. September fixiert &#8211; Transferstopp aufgehoben<\/a><\/blockquote><iframe sandbox=\"allow-scripts\" security=\"restricted\" src=\"https:\/\/www.hcb.net\/de\/liga-start-am-25-september-fixiert-transferstopp-aufgehoben\/embed\/#?secret=dtKi62SOHN\" width=\"600\" height=\"338\" title=\"&#8222;Liga-Start am 25. September fixiert &#8211; Transferstopp aufgehoben&#8220; &#8211; Hockey Club Bozen\" data-secret=\"dtKi62SOHN\" frameborder=\"0\" marginwidth=\"0\" marginheight=\"0\" scrolling=\"no\" class=\"wp-embedded-content\"><\/iframe><script type=\"text\/javascript\">\n\/* <![CDATA[ *\/\n\/*! This file is auto-generated *\/\n!function(d,l){\"use strict\";l.querySelector&&d.addEventListener&&\"undefined\"!=typeof URL&&(d.wp=d.wp||{},d.wp.receiveEmbedMessage||(d.wp.receiveEmbedMessage=function(e){var t=e.data;if((t||t.secret||t.message||t.value)&&!\/[^a-zA-Z0-9]\/.test(t.secret)){for(var s,r,n,a=l.querySelectorAll('iframe[data-secret=\"'+t.secret+'\"]'),o=l.querySelectorAll('blockquote[data-secret=\"'+t.secret+'\"]'),c=new RegExp(\"^https?:$\",\"i\"),i=0;i<o.length;i++)o[i].style.display=\"none\";for(i=0;i<a.length;i++)s=a[i],e.source===s.contentWindow&&(s.removeAttribute(\"style\"),\"height\"===t.message?(1e3<(r=parseInt(t.value,10))?r=1e3:~~r<200&&(r=200),s.height=r):\"link\"===t.message&&(r=new URL(s.getAttribute(\"src\")),n=new URL(t.value),c.test(n.protocol))&&n.host===r.host&&l.activeElement===s&&(d.top.location.href=t.value))}},d.addEventListener(\"message\",d.wp.receiveEmbedMessage,!1),l.addEventListener(\"DOMContentLoaded\",function(){for(var e,t,s=l.querySelectorAll(\"iframe.wp-embedded-content\"),r=0;r<s.length;r++)(t=(e=s[r]).getAttribute(\"data-secret\"))||(t=Math.random().toString(36).substring(2,12),e.src+=\"#?secret=\"+t,e.setAttribute(\"data-secret\",t)),e.contentWindow.postMessage({message:\"ready\",secret:t},\"*\")},!1)))}(window,document);\n\/\/# sourceURL=https:\/\/www.hcb.net\/wp\/wp-includes\/js\/wp-embed.min.js\n\/* ]]> *\/\n<\/script>\n","thumbnail_url":"https:\/\/www.hcb.net\/a9243ee7cdcd4f3a\/44989\/c\/fit-in\/0x0\/filters:no_upscale()\/filters:strip_exif()\/https:\/\/www.hcb.net\/a9243ee7cdcd4f3a\/44989\/c\/fit-in\/1024x747\/filters:no_upscale()\/filters:strip_exif()\/mg_7239.jpg","thumbnail_width":1024,"thumbnail_height":747,"description":"Auf Grundlage und im Vertrauen auf die positiven Gespr\u00e4che mit Bundesministern f\u00fcr Gesundheit Rudolf Anschober und Sport Vizekanzler Werner Kogler wurde in einer Liga-Videokonferenz vom Donnerstag der f\u00fcr 25. September 2020 geplante Saisonstart der ICE Hockey League endg\u00fcltig fixiert. Dar\u00fcber hinaus ist der Transferstopp mit sofortiger Wirkung augehoben. Der HCB S\u00fcdtirol Alperia hingegen wird im [&hellip;]"}

Auf Grundlage und im Vertrauen auf die positiven Gespräche mit Bundesministern für Gesundheit Rudolf Anschober und Sport Vizekanzler Werner Kogler wurde in einer Liga-Videokonferenz vom Donnerstag der für 25. September 2020 geplante Saisonstart der ICE Hockey League endgültig fixiert. Darüber hinaus ist der Transferstopp mit sofortiger Wirkung augehoben. Der HCB Südtirol Alperia hingegen wird im [&hellip;]
